(6).
2853
Let u(x) = 8*x**2 + 779*x + 17982. What is u(-37)?
111
Let j(f) = -16*f**2 + 521*f + 15786. Give j(52).
-386
Let n(s) = 430*s + 38472. Determine n(-94).
-1948
Let i(o) = -2*o**3 + 891*o**2 - 5701*o - 2627. Determine i(439).
7
Let y(s) = 5*s**3 + 117*s**2 - 225*s - 135. Determine y(-24).
3537
Let s(p) = p**2 + 765*p + 26336. What is s(-36)?
92
Let m(f) = 10*f**2 + 208*f + 187. Determine m(-20).
27
Let z(f) = -f**3 + 126*f**2 - 131*f + 445. Calculate z(125).
-305
Let n(q) = 18*q**3 + 56*q**2 - 15*q - 121. Determine n(-6).
-1903
Let f(l) = -1186361*l - 5931815. Give f(-5).
-10
Let h(g) = 696*g + 603427. What is h(-867)?
-5
Let k(i) = -2*i**2 - 390*i - 10475. Calculate k(-32).
-43
Let i(f) = 30926*f - 2257684. Give i(73).
-86
Let l(t) = -8955*t - 1083547. Calculate l(-121).
8
Let l(u) = -10*u**2 - 91*u + 393. Determine l(-15).
-492
Let t(r) = r**3 + 151*r**2 + 1015*r + 636. Determine t(-144).
-372
Let x(y) = -6221*y - 38523. Give x(-6).
-1197
Let k(m) = 10*m**3 - 14*m**2 - 35*m - 4. Determine k(-2).
-70
Let m(o) = -34166*o + 1605678. What is m(47)?
-124
Let q(r) = -r**3 + 47*r**2 - 99*r - 99. Determine q(3).
0
Let p(u) = -3*u**3 + 96*u**2 - 243*u + 101. Give p(2).
-25
Let a(b) = -b**3 + 19*b**2 + 83*b - 2018. What is a(22)?
-1644
Let q(o) = 66*o + 5303. Calculate q(-81).
-43
Let u(d) = -2057*d - 93. Determine u(0).
-93
Let s(l) = 132637*l + 1193284. What is s(-9)?
-449
Let q(b) = 2*b**2 + 6941*b - 104432. Determine q(15).
133
Let i(a) = -11*a**2 - 165*a - 347. Determine i(-10).
203
Let f(r) = r**3 - 67*r**2 + 225*r + 236. What is f(64)?
2348
Let y(b) = -89*b + 11132. What is y(119)?
541
Let d(c) = 21055*c**2 + 252661*c + 16. Calculate d(-12).
4
Let i(s) = -2*s**3 + 46*s**2 + 60*s - 25. Calculate i(24).
263
Let k(h) = -25894*h + 621558. Calculate k(24).
102
Let f(i) = -23*i**2 - 24*i - 149. Calculate f(-7).
-1108
Let a(x) = x**2 + 3378*x - 30589. What is a(9)?
-106
Let g(f) = -2*f**3 + 194*f**2 - 3390*f - 51. Determine g(74).
985
Let l(b) = 46067*b + 20. Calculate l(0).
20
Let n(g) = -g**3 - 389*g**2 + 2343*g - 14. Determine n(6).
-176
Let x(h) = 806*h - 50164. Determine x(63).
614
Let d(w) = 218*w**2 - 2510*w - 17. Give d(11).
-1249
Let q(j) = 39918*j**2 + 39934*j + 3. What is q(-1)?
-13
Let d(p) = -p**2 + 1251*p - 349839. Calculate d(829).
-1
Let i(p) = -1009*p + 205822. Give i(204).
-14
Let k(u) = -12*u**2 + 129*u - 683. Determine k(7).
-368
Let n(l) = 173*l + 22065. What is n(-136)?
-1463
Let y(j) = 53653*j - 536459. Determine y(10).
71
Let a(h) = 4*h**2 - 1399*h + 100974. Give a(248).
38
Let z(k) = -5532*k - 204687. Give z(-37).
-3
Let n(j) = -223*j + 5376. Calculate n(24).
24
Let l(i) = -30*i**2 + 127*i - 108. Give l(7).
-689
Let p(r) = r**3 + 72*r**2 + 164*r - 2920. Determine p(-69).
47
Let r(i) = 28*i**2 + 1616*i + 1615. Give r(-1).
27
Let s(z) = -268617*z - 2148934. Determine s(-8).
2
Let r(n) = -6415*n + 1141862. Determine r(178).
-8
Let q(w) = 112*w**3 + 3*w**2 - 25*w - 67. Give q(-2).
-901
Let n(v) = -586641*v - 4106453. Calculate n(-7).
34
Let n(w) = -3*w**2 + 4141*w - 172520. Calculate n(43).
-4
Let i(k) = 2*k**2 + 2002*k + 326446. Determine i(-796).
86
Let s(q) = -147*q**3 - 1180*q**2 - 26*q + 1. Calculate s(-8).
-47
Let b(s) = 19*s**2 + 68*s - 283. Give b(-12).
1637
Let y(i) = -i**3 + 15*i**2 - 543*i + 9861. What is y(17)?
52
Let h(y) = y**2 - 78*y + 1252. Give h(54).
-44
Let w(a) = 1189*a - 1044. Give w(1).
145
Let j(i) = 4212*i - 4579. What is j(1)?
-367
Let x(m) = 4*m**2 - 5180*m - 457502. What is x(-83)?
-6
Let y(m) = 7*m**2 + 1324*m + 7693. Give y(-6).
1
Let d(y) = y**3 + 163*y**2 - 31186*y + 748. Determine d(-276).
196
Let u(s) = s**3 + 8*s**2 - 922*s - 7646. Calculate u(-8).
-270
Let m(n) = -5*n**3 + 129*n**2 - 209*n + 2753. Give m(25).
28
Let r(b) = -34727*b + 1423821. Calculate r(41).
14
Let m(j) = -13946*j - 209186. Determine m(-15).
4
Let p(z) = -921*z + 17356. Determine p(19).
-143
Let m(b) = 87*b**2 - 8095*b + 533. Give m(93).
161
Let a(v) = -v**3 + 16*v**2 - 1887*v - 14340. Determine a(-7).
-4
Let v(p) = 8*p**3 - 114*p**2 + 311*p + 9. Determine v(3).
132
Let o(n) = -840*n**2 - 5869*n - 62. Determine o(-7).
-139
Let y(a) = 13002*a - 6344985. Determine y(488).
-9
Let v(s) = 14312*s - 114181. What is v(8)?
315
Let l(h) = -111*h**2 + 59*h - 116. What is l(2)?
-442
Let n(l) = l**3 - 481*l**2 + 473*l + 3190. Give n(480).
-170
Let i(y) = -28318*y + 538062. Calculate i(19).
20
Let s(k) = -10*k**2 + 7*k - 202. Give s(-21).
-4759
Let y(k) = 6732*k - 148547. Give y(22).
-443
Let d(h) = -3357*h + 12937. Give d(4).
-491
Let q(m) = 4*m**2 + 314590*m + 5032415. What is q(-16)?
-1
Let s(x) = -2*x**2 + 1612*x - 323522. Give s(378).
46
Let h(r) = -3293*r + 29643. Determine h(9).
6
Let h(g) = -5*g**3 - 529*g**2 + 1761*g + 1831. Determine h(-109).
-22
Let y(s) = 130*s - 11561. Give y(89).
9
Let l(k) = -55*k**3 - 1045*k**2 + 7*k + 115. Give l(-19).
-18
Let u(n) = n**3 + 14*n**2 - 8*n - 194. Give u(-13).
79
Let s(m) = -60*m**2 - 72*m - 343. What is s(-5)?
-1483
Let y(m) = 52*m**2 + 1896*m + 660. Calculate y(-36).
-204
Let i(u) = -u**2 - 423*u - 15008. Calculate i(-39).
-32
Let i(o) = 169775*o - 8998069. Calculate i(53).
6
Let c(f) = -3*f**2 + 829*f - 1500. What is c(275)?
-400
Let b(x) = 15*x**2 + 361*x + 2163. Give b(-12).
-9
Let c(x) = -3*x**3 - 36*x**2 + 111*x - 75. Calculate c(1).
-3
Let b(s) = 963*s - 814695. Determine b(846).
3
Let p(k) = 13*k**3 - 7476*k**2 - 22426*k + 1. Calculate p(-3).
-356
Let q(h) = -7*h**2 + 204*h - 157. What is q(30)?
-337
Let j(w) = -w**3 + 21*w**2 - 404*w + 8470. Determine j(21).
-14
Let x(t) = 140*t - 54884. What is x(392)?
-4
Let j(v) = 932*v + 2589. Give j(-4).
-1139
Let c(o) = -10250*o - 51339. Determine c(-5).
-89
Let x(g) = 34*g**2 + 172*g + 327. Determine x(-5).
317
Let n(g) = 9807*g - 362830. What is n(37)?
29
Let l(n) = -681*n + 25565. What is l(38)?
-313
Let b(z) = -275172*z - 3302080. What is b(-12)?
-16
Let d(z) = 38*z**2 + 560*z - 788. Determine d(-16).
-20
Let q(u) = u**3 - 49*u**2 + 94*u + 7475. Calculate q(43).
423
Let k(o) = 402*o - 21329. Calculate k(53).
-23
Let z(f) = -3165*f + 85791. What is z(27)?
336
Let a(c) = 16*c**3 - 200*c**2 + 106*c - 209. Give a(12).
-89
Let l(b) = -559*b - 12968. Calculate l(-23).
-111
Let k(a) = -1272*a - 82656. Determine k(-65).
24
Let b(c) = -33721*c + 236025. Calculate b(7).
-22
Let q(n) = n**3 + 329*n**2 + 691*n + 12101. What is q(-327)?
2
Let j(a) = 4*a**3 + 182*a**2 - 40*a - 663. Calculate j(2).
17
Let j(d) = -416*d - 11352. Determine j(-27).
-120
Let i(u) = -3959*u**2 + 114812*u + 38. What is i(29)?
67
Let x(v) = 13*v**2 - 376*v - 9835. What is x(46)?
377
Let f(v) = 478*v + 7605. Determine f(-16).
-43
Let p(g) = -g**2 + 51*g + 21480. Calculate p(174).
78
Let b(w) = 7*w**2 - 341*w - 19648. Calculate b(-34).
38
Let t(d) = -3129*d + 78260. Determine t(25).
35
Let b(k) = 78*k - 15117. What is b(197)?
249
Let q(o) = 15*o**3 - 1793*o**2 - 842*o + 234. Give q(120).
-6
Let z(s) = -15*s + 282. Determine z(41).
-333
Let s(u) = -4257*u - 22008. Calculate s(-6).
3534
Let w(g) = -40*g**3 - 165*g**2 - 27*g + 7. What is w(-4)?
35
Let l(f) = -f**2 - 3562*f + 10696. What is l(3)?
1
Let a(h) = h**3 - 10*h**2 + 4*h + 250. Give a(-5).
-145
Let v(w) = 11047*w + 1778573. Calculate v(-161).
6
Let y(x) = -3*x**2 + 341*x + 712. What is y(-2)?
18
Let l(g) = g**3 - 17*g**2 - 182*g + 351. Calculate l(24).
15
Let p(h) = h**3 - 29*h**2 + 128*h - 31. What is p(22)?
-603
Let r(x) = -x**2 + 925*x - 203595. Calculate r(361).
9
Let r(x) = -196*x + 1188. Calculate r(7).
-184
Let l(p) = 30563*p - 427894. What is l(14)?
-12
Let s(p) = 177*p**2 + 3552*p + 206. Calculate s(-20).
-34
Let s(k) = 159403*k + 478222. Determine s(-3).
13
Let p(i) = -19*i**2 + 4256*i + 68122. Determine p(239).
7
Let q(v) = v**2 - 497*v + 42564. Give q(110).
-6
Let y(z) = -2*z**2 + 55*z + 15700. What is y(104)?
-212
Let r(w) = -11907*w - 178584. Give r(-15).
21
Let q(y) = 1444*y**2 + 11607*y + 427. Calculate q(-8).
-13
Let d(h) = 2*h**2 + 357*h + 14397. Calculate d(-117).
6
Let r(c) = -4*c**3 - 1417*c**2 - 4229*c - 9. Give r(-3).
33
Let m(o) = 2*o**3 + 15*o**2 + 21*o - 166. What is m(-3)?
-148
Let x(p) = 55188*p + 386516. What is x(-7)?
200
Let w(g) = -8*g**2 + 57*g + 83. Determine w(-4).
-273
Let m(u) 